 -1*(-5)/(10/c)?
4
Suppose -3*p = -3*i + 1411 - 5194, -i + 4 = 0. What is the tens digit of p?
6
Suppose -5*q = 5*d - 5, -2*d - 7*q = -3*q + 2. Let u = 32 - d. What is the tens digit of u?
2
Let m(w) = -7*w**2 + w - 15. Let l(f) = 20*f**2 - 2*f + 44. Let j(b) = 6*l(b) + 17*m(b). What is the tens digit of j(-9)?
4
Suppose 52 = v + 17. What is the tens digit of v?
3
Let z(h) = -h**3 - 12*h**2 - 3*h + 3. Let s be (-5)/5*12*1. What is the units digit of z(s)?
9
Let d = 433 + -86. What is the tens digit of d?
4
Let g be (-2)/(-4) - (-132)/8. Suppose -5*x - g = -367. Suppose 0*w - x = -2*w. What is the units digit of w?
5
Let a(i) = 26*i + 210. What is the tens digit of a(22)?
8
What is the thousands digit of 10061/3 + ((-280)/60)/(-14)?
3
Let i = 71 + 926. What is the hundreds digit of i?
9
What is the tens digit of (2553/(-74))/((-2)/12)?
0
Suppose 0 = 4*l + 15 - 3. Let f be (-1)/(l + 5/2). Suppose y = -f*y + 117. What is the units digit of y?
9
Suppose 5*u = 2*s + 7701, -5*u + 8*s - 10*s + 7709 = 0. What is the units digit of u?
1
Let v(g) = 2*g - 2. Suppose -4*i + 0 = 4*x - 4, -x + 9 = -3*i. Let n be v(x). Suppose 0 = -n*m + 92 - 24. What is the tens digit of m?
1
Let j = -411 - -716. Suppose -3*a + g + j = -4*g, -2*a + g = -201. What is the hundreds digit of a?
1
Suppose k + 11 = u, 3*k = -2*k - 25. Suppose 0 = 5*z - 4*d - 397, 3*d - u = 5*d. What is the units digit of z?
7
Let z be ((-80)/(-2))/1*1. Let p be -6 - (-195)/6 - 2/4. Let h = z - p. What is the tens digit of h?
1
Let h(r) = -19*r. Let w be h(-1). Suppose 4*b + 8 = 3*g, -5*g + 10 = -4*g - 5*b. Let f = g + w. What is the tens digit of f?
1
Let g(t) = -t**3 - 16*t**2 - 24*t + 8. What is the tens digit of g(-16)?
9
Let u(c) = 2*c**2 + 7*c - 70. What is the tens digit of u(-22)?
4
Let l be (20/50)/((-1)/(-15)). Let j = l + -8. Let i = j - -3. What is the units digit of i?
1
Suppose 5 = 4*b + 17, 4*b + 528 = 3*r. Let y = r - 87. What is the tens digit of y?
8
Let f be 24*(-3 + 21/9). Let s be (-5)/40 - 530/f. Suppose -8 = -x + s. What is the units digit of x?
1
Suppose 2*h - 2*h + 2*h = 0. Suppose -11*b + 9*b + 108 = h. What is the tens digit of b?
5
Suppose 3*o - 3 = 3*m, -4*m - 5*o = 4 + 36. Let n be (-2)/(-10) + 71/m. Let a = n + 36. What is the units digit of a?
2
Let a be ((-20)/120)/(2/(-138))*-2. Let w(m) = -m**2 - 35*m - 8. What is the hundreds digit of w(a)?
2
Suppose 4*l = -l - 5*f + 1765, 0 = 5*l + 3*f - 1755. Suppose 38*r - 40*r = -l. What is the tens digit of r?
7
Let w be (((-5)/(-1))/5)/((-1)/(-2)). What is the tens digit of (177/(-6))/(w/(-4))?
5
Let f(u) = -38*u + 60. What is the hundreds digit of f(-6)?
2
Suppose 0 = -2*c - 48 - 90. What is the units digit of (c/(-12))/((-2)/(-16))?
6
Let a be 9/(-3)*4/(-6). Suppose -a*h = 2*h - 300. What is the tens digit of h?
7
Let t(p) = -10*p**2 - p + 4. Let f(m) = 19*m**2 + 2*m - 8. Let a(u) = 6*f(u) + 11*t(u). What is the tens digit of a(-5)?
9
Let y(p) = -4*p**3 + 12*p**2 - 3*p + 2. Let d be (-9)/(-6)*6/(-9). Let r(w) = w**3 + w. Let z(a) = d*y(a) - 5*r(a). What is the units digit of z(-12)?
2
Let c = 1449 + -1020. What is the units digit of c?
9
Let b = -2 + 2. Suppose 2*j = -b*j - 4. What is the units digit of (-35)/20*12*j?
2
Let v(c) = -c**2 + 17*c - 57. What is the tens digit of v(10)?
1
Let u(c) = 25*c**2 - 1 - 130*c + 130*c. What is the units digit of u(-1)?
4
Suppose 5*r - 106 = -4*f, -r = -4*f - 3*r + 112. Let x = f - -8. What is the units digit of x?
7
Let h(z) = -z**2 - 2*z + 6. Let j be h(0). Let k(w) = 2*w + 4. What is the tens digit of k(j)?
1
Suppose -w + 5*n + 1919 = 0, 0 = 17*w - 13*w + 3*n - 7722. What is the thousands digit of w?
1
Let z = -64 + 78. What is the units digit of (-10)/35 + 0 + 1656/z?
8
Let d(h) = h**3 - 3*h**2 + 2*h - 6. Let m be d(5). Let b(i) = i + 45. Let a be b(30). Let w = a - m. What is the tens digit of w?
2
Suppose -5851 = -11*c + 10187. What is the thousands digit of c?
1
Let i be 1/((-24)/(-9) - 3). What is the units digit of 4 + i + -2 - -46?
5
Let r be (1 + -1)/(-2)*-1. Suppose 0 = 3*v - 5*d - 12, 2*v - 3*d - 1 - 6 = r. What is the tens digit of (v - 0)*(-45 - -2)?
4
Suppose 0 = 2*i - 183 - 63. What is the hundreds digit of i?
1
Suppose 0 = 2*m - 8 + 2. Suppose -3*w - 5*a - 137 = 0, -4*w + m*a - 112 = 32. Let k = 6 - w. What is the units digit of k?
5
Suppose 0*d + 3*n = -d + 131, 5*d - 3*n = 709. What is the hundreds digit of d?
1
Let b = 15 - 4. Let s = b - -48. What is the units digit of s?
9
Suppose -3*f + 4*f = 1. Let a = -5 - f. Let k = a - -14. What is the units digit of k?
8
What is the hundreds digit of ((-21)/(-15))/(-7)*(-4414 - 1)?
8
Suppose 0 = 3*d + 2*w - 52, -4*w = d + w - 39. Let u = d + -8. What is the tens digit of 73/4 - u/24?
1
Suppose m = 1, 6*h - 4*h - 5*m - 6391 = 0. What is the thousands digit of h?
3
Suppose 3*u = 9, 3*w - 3*u + 24 = 6*w. Suppose -j - 2*j - 4*z = -83, -w*j + 3*z = -177. Suppose 7 - j = -2*f. What is the tens digit of f?
1
Let b be 1 - (-890 - (-3 + -1)). Suppose 0 = 9*y + 356 - b. What is the units digit of y?
9
Suppose -15*o + 12*o = -1437. What is the units digit of o?
9
Let y(t) = -7*t + 18. Let r(m) = -m + 4. Let c(k) = 6*r(k) - y(k). Suppose z = 5*d - 0*z - 23, 24 = 4*d + 2*z. What is the units digit of c(d)?
1
Let c = -1017 + 1592. Suppose 6*m - 2*m - c = 5*f, -580 = -4*m + 4*f. Suppose m = 4*t + t. What is the tens digit of t?
3
Suppose 622 = 4*f + w, -4*f + 464 + 154 = -w. What is the units digit of f?
5
Let f(i) = 17*i + 37. What is the tens digit of f(9)?
9
Let y(i) = 11*i**2 + 24*i + 25. Let r(q) = 5*q**2 + 12*q + 12. Let p(s) = 13*r(s) - 6*y(s). Let l be p(8). Suppose -l = -2*v - 2. What is the units digit of v?
8
Let f(g) = 6*g**3 + 3*g**2 - 11*g - 2. Let c(k) = 3*k**3 + k**2 - 5*k - 1. Let u(s) = 13*c(s) - 6*f(s). What is the units digit of u(3)?
8
Suppose -2*p - 3*n = 3*p - 1758, 4*n - 1057 = -3*p. Let b = p + -214. Suppose 0 = 4*k + 5*c - b, -2*k + 3*c + 1 = -40. What is the units digit of k?
8
Let q be -4 + 4/(16/28). Suppose -4*m + r = -556, 20 = -2*r - q*r. What is the hundreds digit of m?
1
Let l(g) = -6 + 3 - 5 + 4 - 63*g. Let f be l(7). What is the units digit of f/(-25) + (-1)/(-5)?
8
Let m be (45/18)/(1/2). Suppose -h - 267 = -m*d - 2*h, d + 3*h = 59. What is the tens digit of d?
5
Let t = 0 - -52. Let n = 40 + t. What is the units digit of n?
2
Let x(i) = -16*i**3 + i**2 + 6*i + 30. What is the thousands digit of x(-4)?
1
What is the units digit of -1*((-8)/44 - 36492/33)?
6
Let m(y) = 50*y**2 - 49*y. What is the hundreds digit of m(6)?
5
Let j(u) = u**2 + 3*u. Let a = 0 - -4. Suppose l + a*q + 10 = 2*q, -2*l = 5*q + 22. What is the units digit of j(l)?
8
Suppose 2575 = -2*p + 7*p. What is the units digit of (-3)/5 - p/(-25)?
0
Let o be 1*(-3)/((-3)/47). Let m = -9 + -6. Let x = m + o. What is the tens digit of x?
3
Suppose 2 = 30*m - 29*m. Suppose -3*d - 543 = -m*p - p, 5*p - 4*d - 903 = 0. What is the hundreds digit of p?
1
Let s(b) = b**2 - 3. Let y(v) = -2*v**2 + v + 5. Let t(a) = -9*s(a) - 4*y(a). Let u = 262 - 267. What is the units digit of t(u)?
2
Let l(x) = x + 11. Let p be l(-9). Suppose -68 = -v + p. Suppose -v = -5*h - 0*h. What is the units digit of h?
4
Let q(a) = a**3 + 14*a**2 + 24*a + 5. Let s be q(-12). What is the tens digit of -25*((-3)/s + 0)?
1
Let n(j) = -j**2 + 16*j - 14. Let f be n(15). What is the tens digit of (-315)/(-7)*(f - 0)?
4
Let n(u) = u + u + 15 + u. Suppose 4*r + 5*p = 17, 7 = -3*r - p + 28. What is the tens digit of n(r)?
3
Suppose 4*d - 2528 = -5*l, 2*l = 3*l - 2*d - 514. What is the units digit of l?
8
Let i = -3 + 3. Let d be 9/((-6)/4 + i). Let l = 19 - d. What is the units digit of l?
5
What is the tens digit of 12*112/24 - (4 + -4)?
5
Suppose 5*a + 3*y = -56, 4*a + 0*y - 3*y = -34. Let w be (-4)/20 - 72/a. Suppose w*v - 16 = 3*v. What is the units digit of v?
4
Let p(n) = n**2 - 2*n + 75. What is the thousands digit of p(34)?
1
What is the thousands digit of -20 - -21 - (3*3073)/(-3)?
3
Suppose -2*y - 47 = 189. Let h = y - -270. What is the units digit of h?
2
Let a = 39 + -37. Let s(o) = -2*o**2 + 10*o**3 + 0*o + 3*o + 0*o**2 - 2. What is the tens digit of s(a)?
7
Let u be -3 + 4 + 6 - 3. Suppose 4*o + 29 = 5*r, 3 = u*r + o - 16. Suppose 3*w - r*q - 3 = 42, 4*q = -5*w +